CRAN Package Check Results for Package ADDT

Last updated on 2025-07-06 10:49:39 CEST.

Flavor Version Tinstall Tcheck Ttotal Status Flags
r-devel-linux-x86_64-debian-clang 2.0 8.74 69.52 78.26 NOTE
r-devel-linux-x86_64-debian-gcc 2.0 5.71 49.77 55.48 NOTE
r-devel-linux-x86_64-fedora-clang 2.0 131.65 OK
r-devel-linux-x86_64-fedora-gcc 2.0 115.76 OK
r-devel-windows-x86_64 2.0 9.00 82.00 91.00 OK
r-patched-linux-x86_64 2.0 8.79 66.19 74.98 OK
r-release-linux-x86_64 2.0 8.29 66.24 74.53 OK
r-release-macos-arm64 2.0 51.00 OK
r-release-macos-x86_64 2.0 63.00 OK
r-release-windows-x86_64 2.0 9.00 85.00 94.00 OK
r-oldrel-macos-arm64 2.0 35.00 OK
r-oldrel-macos-x86_64 2.0 56.00 OK
r-oldrel-windows-x86_64 2.0 12.00 101.00 113.00 OK

Check Details

Version: 2.0
Check: CRAN incoming feasibility
Result: NOTE Maintainer: ‘Yili Hong <yilihong@vt.edu>’ No Authors@R field in DESCRIPTION. Please add one, modifying Authors@R: c(person(given = "Yili", family = "Hong", role = c("aut", "cre"), email = "yilihong@vt.edu"), person(given = "Yimeng", family = "Xie", role = "aut"), person(given = "Zhongnan", family = "Jin", role = "aut"), person(given = "Caleb", family = "King", role = "aut")) as necessary. Flavors: r-devel-linux-x86_64-debian-clang, r-devel-linux-x86_64-debian-gcc