CRAN Package Check Results for Package DREGAR

Last updated on 2025-05-05 22:48:25 CEST.

Flavor Version Tinstall Tcheck Ttotal Status Flags
r-devel-linux-x86_64-debian-clang 0.1.3.0 2.14 28.31 30.45 NOTE
r-devel-linux-x86_64-debian-gcc 0.1.3.0 1.94 23.75 25.69 NOTE
r-devel-linux-x86_64-fedora-clang 0.1.3.0 48.48 OK
r-devel-linux-x86_64-fedora-gcc 0.1.3.0 47.80 OK
r-devel-windows-x86_64 0.1.3.0 4.00 50.00 54.00 OK
r-patched-linux-x86_64 0.1.3.0 2.46 28.79 31.25 OK
r-release-linux-x86_64 0.1.3.0 2.17 28.93 31.10 OK
r-release-macos-arm64 0.1.3.0 23.00 OK
r-release-macos-x86_64 0.1.3.0 38.00 OK
r-release-windows-x86_64 0.1.3.0 3.00 52.00 55.00 OK
r-oldrel-macos-arm64 0.1.3.0 20.00 OK
r-oldrel-macos-x86_64 0.1.3.0 29.00 OK
r-oldrel-windows-x86_64 0.1.3.0 3.00 47.00 50.00 OK

Check Details

Version: 0.1.3.0
Check: CRAN incoming feasibility
Result: NOTE Maintainer: ‘Hamed Haselimashhadi <hamedhaseli@gmail.com>’ No Authors@R field in DESCRIPTION. Please add one, modifying Authors@R: person(given = "Hamed", family = "Haselimashhadi", role = c("aut", "cre"), email = "hamedhaseli@gmail.com", comment = "www.hamedhaseli.webs.com") as necessary. Flavors: r-devel-linux-x86_64-debian-clang, r-devel-linux-x86_64-debian-gcc