Last updated on 2025-07-05 22:50:25 CEST.
Flavor | Version | Tinstall | Tcheck | Ttotal | Status | Flags |
---|---|---|---|---|---|---|
r-devel-linux-x86_64-debian-clang | 3.1.3 | 85.83 | 350.71 | 436.54 | NOTE | |
r-devel-linux-x86_64-debian-gcc | 3.1.3 | 54.50 | 254.91 | 309.41 | NOTE | |
r-devel-linux-x86_64-fedora-clang | 3.1.3 | 668.78 | OK | |||
r-devel-linux-x86_64-fedora-gcc | 3.1.3 | 648.04 | OK | |||
r-devel-windows-x86_64 | 3.1.3 | 98.00 | 355.00 | 453.00 | OK | |
r-patched-linux-x86_64 | 3.1.3 | 78.41 | 399.15 | 477.56 | OK | |
r-release-linux-x86_64 | 3.1.3 | 74.35 | 395.53 | 469.88 | OK | |
r-release-macos-arm64 | 3.1.3 | 202.00 | OK | |||
r-release-macos-x86_64 | 3.1.3 | 422.00 | OK | |||
r-release-windows-x86_64 | 3.1.3 | 96.00 | 360.00 | 456.00 | OK | |
r-oldrel-macos-arm64 | 3.1.3 | 202.00 | OK | |||
r-oldrel-macos-x86_64 | 3.1.3 | 362.00 | OK | |||
r-oldrel-windows-x86_64 | 3.1.3 | 121.00 | 506.00 | 627.00 | OK |
Version: 3.1.3
Check: CRAN incoming feasibility
Result: NOTE
Maintainer: ‘Evandro Konzen <gpfda.r@gmail.com>’
No Authors@R field in DESCRIPTION.
Please add one, modifying
Authors@R: c(person(given = c("Jian", "Qing"),
family = "Shi",
role = "aut"),
person(given = "Yafeng",
family = "Cheng",
role = "aut"),
person(given = "Evandro",
family = "Konzen",
role = c("aut", "cre"),
email = "gpfda.r@gmail.com"))
as necessary.
Flavors: r-devel-linux-x86_64-debian-clang, r-devel-linux-x86_64-debian-gcc