Last updated on 2025-05-21 22:51:48 CEST.
Flavor | Version | Tinstall | Tcheck | Ttotal | Status | Flags |
---|---|---|---|---|---|---|
r-devel-linux-x86_64-debian-clang | 0.1.1 | 7.16 | 65.48 | 72.64 | OK | |
r-devel-linux-x86_64-debian-gcc | 0.1.1 | 5.28 | 49.59 | 54.87 | OK | |
r-devel-linux-x86_64-fedora-clang | 0.1.1 | 109.47 | OK | |||
r-devel-linux-x86_64-fedora-gcc | 0.1.1 | 113.16 | OK | |||
r-devel-windows-x86_64 | 0.1.1 | 9.00 | 83.00 | 92.00 | OK | |
r-patched-linux-x86_64 | 0.1.1 | 6.74 | 62.32 | 69.06 | OK | |
r-release-linux-x86_64 | 0.1.1 | 6.78 | 62.32 | 69.10 | OK | |
r-release-macos-arm64 | 0.1.1 | 40.00 | OK | |||
r-release-macos-x86_64 | 0.1.1 | 70.00 | OK | |||
r-release-windows-x86_64 | 0.1.1 | 9.00 | 94.00 | 103.00 | OK | |
r-oldrel-macos-arm64 | 0.1.1 | 35.00 | NOTE | |||
r-oldrel-macos-x86_64 | 0.1.1 | 51.00 | NOTE | |||
r-oldrel-windows-x86_64 | 0.1.1 | 10.00 | 95.00 | 105.00 | NOTE |
Version: 0.1.1
Check: LazyData
Result: NOTE
'LazyData' is specified without a 'data' directory
Flavors: r-oldrel-macos-arm64, r-oldrel-macos-x86_64, r-oldrel-windows-x86_64