CRAN Package Check Results for Package MLBC

Last updated on 2025-05-21 18:49:57 CEST.

Flavor Version Tinstall Tcheck Ttotal Status Flags
r-devel-linux-x86_64-debian-gcc 0.1.0 64.15 42.82 106.97 OK
r-devel-linux-x86_64-fedora-clang 0.1.0 184.01 NOTE
r-devel-linux-x86_64-fedora-gcc 0.1.0 271.33 NOTE
r-devel-windows-x86_64 0.1.0 73.00 101.00 174.00 OK
r-release-macos-arm64 0.1.0 56.00 OK
r-release-macos-x86_64 0.1.0 265.00 OK
r-release-windows-x86_64 0.1.0 78.00 100.00 178.00 OK
r-oldrel-macos-arm64 0.1.0 65.00 NOTE
r-oldrel-macos-x86_64 0.1.0 247.00 NOTE

Check Details

Version: 0.1.0
Check: compiled code
Result: NOTE File ‘MLBC/libs/MLBC.so’: Found no calls to: ‘R_registerRoutines’, ‘R_useDynamicSymbols’ It is good practice to register native routines and to disable symbol search. See ‘Writing portable packages’ in the ‘Writing R Extensions’ manual. Flavors: r-devel-linux-x86_64-fedora-clang, r-devel-linux-x86_64-fedora-gcc

Version: 0.1.0
Check: installed package size
Result: NOTE installed size is 41.1Mb sub-directories of 1Mb or more: libs 41.0Mb Flavors: r-oldrel-macos-arm64, r-oldrel-macos-x86_64