Last updated on 2025-05-21 12:48:34 CEST.
Flavor | Version | Tinstall | Tcheck | Ttotal | Status | Flags |
---|---|---|---|---|---|---|
r-devel-linux-x86_64-debian-clang | 1.1.0 | 45.35 | 419.03 | 464.38 | NOTE | |
r-devel-linux-x86_64-debian-gcc | 1.1.0 | 34.06 | 314.05 | 348.11 | NOTE | |
r-devel-linux-x86_64-fedora-clang | 1.1.0 | 730.97 | OK | |||
r-devel-linux-x86_64-fedora-gcc | 1.1.0 | 766.27 | OK | |||
r-devel-windows-x86_64 | 1.1.0 | 53.00 | 411.00 | 464.00 | NOTE | |
r-patched-linux-x86_64 | 1.1.0 | 50.03 | 392.83 | 442.86 | NOTE | |
r-release-linux-x86_64 | 1.1.0 | 44.39 | 400.97 | 445.36 | NOTE | |
r-release-macos-arm64 | 1.1.0 | 175.00 | OK | |||
r-release-macos-x86_64 | 1.1.0 | 385.00 | OK | |||
r-release-windows-x86_64 | 1.1.0 | 53.00 | 412.00 | 465.00 | NOTE | |
r-oldrel-macos-arm64 | 1.1.0 | 150.00 | NOTE | |||
r-oldrel-macos-x86_64 | 1.1.0 | 230.00 | NOTE | |||
r-oldrel-windows-x86_64 | 1.1.0 | 66.00 | 549.00 | 615.00 | OK |
Version: 1.1.0
Check: Rd cross-references
Result: NOTE
Found the following Rd file(s) with Rd \link{} targets missing package
anchors:
Mega2gdsfmt.Rd: gdsfmt
Please provide package anchors for all Rd \link{} targets not in the
package itself and the base packages.
Flavors: r-devel-linux-x86_64-debian-clang, r-devel-linux-x86_64-debian-gcc, r-devel-windows-x86_64, r-patched-linux-x86_64, r-release-linux-x86_64, r-release-windows-x86_64
Version: 1.1.0
Check: package dependencies
Result: NOTE
Package suggested but not available for checking: ‘TxDb.Hsapiens.UCSC.hg19.knownGene’
Flavors: r-oldrel-macos-arm64, r-oldrel-macos-x86_64