Last updated on 2025-04-29 10:50:42 CEST.
Flavor | Version | Tinstall | Tcheck | Ttotal | Status | Flags |
---|---|---|---|---|---|---|
r-devel-linux-x86_64-debian-clang | 1.2.3 | 34.91 | 220.57 | 255.48 | NOTE | |
r-devel-linux-x86_64-debian-gcc | 1.2.3 | 23.20 | 135.98 | 159.18 | OK | |
r-devel-linux-x86_64-fedora-clang | 1.2.3 | 454.10 | OK | |||
r-devel-linux-x86_64-fedora-gcc | 1.2.3 | 453.73 | OK | |||
r-devel-windows-x86_64 | 1.2.3 | 37.00 | 197.00 | 234.00 | OK | |
r-patched-linux-x86_64 | 1.2.3 | 32.10 | 209.94 | 242.04 | OK | |
r-release-linux-x86_64 | 1.2.3 | 30.31 | 210.85 | 241.16 | OK | |
r-release-macos-arm64 | 1.2.3 | 116.00 | OK | |||
r-release-macos-x86_64 | 1.2.3 | 239.00 | OK | |||
r-release-windows-x86_64 | 1.2.3 | 38.00 | 207.00 | 245.00 | OK | |
r-oldrel-macos-arm64 | 1.2.3 | 92.00 | OK | |||
r-oldrel-macos-x86_64 | 1.2.3 | 162.00 | OK | |||
r-oldrel-windows-x86_64 | 1.2.3 | 47.00 | 279.00 | 326.00 | OK |
Version: 1.2.3
Check: examples
Result: NOTE
Examples with CPU (user + system) or elapsed time > 5s
user system elapsed
latticeCombineGrid 3.826 0.155 5.328
Flavor: r-devel-linux-x86_64-debian-clang