CRAN Package Check Results for Package PakPMICS2014Wm

Last updated on 2025-05-21 22:51:55 CEST.

Flavor Version Tinstall Tcheck Ttotal Status Flags
r-devel-linux-x86_64-debian-clang 0.1.1 27.95 27.29 55.24 NOTE
r-devel-linux-x86_64-debian-gcc 0.1.1 19.65 21.29 40.94 NOTE
r-devel-linux-x86_64-fedora-clang 0.1.1 85.69 NOTE
r-devel-linux-x86_64-fedora-gcc 0.1.1 83.74 NOTE
r-devel-windows-x86_64 0.1.1 24.00 54.00 78.00 NOTE
r-patched-linux-x86_64 0.1.1 27.01 25.51 52.52 NOTE
r-release-linux-x86_64 0.1.1 26.49 25.76 52.25 NOTE
r-release-macos-arm64 0.1.1 34.00 NOTE
r-release-macos-x86_64 0.1.1 57.00 NOTE
r-release-windows-x86_64 0.1.1 25.00 63.00 88.00 NOTE
r-oldrel-macos-arm64 0.1.1 37.00 NOTE
r-oldrel-macos-x86_64 0.1.1 43.00 NOTE
r-oldrel-windows-x86_64 0.1.1 24.00 56.00 80.00 NOTE

Check Details

Version: 0.1.1
Check: Rd files
Result: NOTE checkRd: (-1) MICS2014Wm.Rd:336: Lost braces in \enumerate; meant \describe ? checkRd: (-1) MICS2014Wm.Rd:337: Lost braces in \enumerate; meant \describe ? Flavors: r-devel-linux-x86_64-debian-clang, r-devel-linux-x86_64-debian-gcc, r-devel-linux-x86_64-fedora-clang, r-devel-linux-x86_64-fedora-gcc, r-devel-windows-x86_64, r-patched-linux-x86_64, r-release-linux-x86_64, r-release-macos-arm64, r-release-macos-x86_64, r-release-windows-x86_64, r-oldrel-macos-arm64, r-oldrel-macos-x86_64, r-oldrel-windows-x86_64

Version: 0.1.1
Check: dependencies in R code
Result: NOTE Namespace in Imports field not imported from: ‘stats’ All declared Imports should be used. Flavors: r-devel-linux-x86_64-fedora-clang, r-devel-linux-x86_64-fedora-gcc