CRAN Package Check Results for Package PortfolioOptim

Last updated on 2025-05-21 12:48:37 CEST.

Flavor Version Tinstall Tcheck Ttotal Status Flags
r-devel-linux-x86_64-debian-clang 1.1.1 2.12 22.19 24.31 OK
r-devel-linux-x86_64-debian-gcc 1.1.1 1.70 17.49 19.19 OK
r-devel-linux-x86_64-fedora-clang 1.1.1 39.45 OK
r-devel-linux-x86_64-fedora-gcc 1.1.1 37.11 OK
r-devel-windows-x86_64 1.1.1 3.00 44.00 47.00 OK
r-patched-linux-x86_64 1.1.1 2.34 21.39 23.73 OK
r-release-linux-x86_64 1.1.1 1.93 21.66 23.59 OK
r-release-macos-arm64 1.1.1 18.00 OK
r-release-macos-x86_64 1.1.1 27.00 OK
r-release-windows-x86_64 1.1.1 3.00 44.00 47.00 OK
r-oldrel-macos-arm64 1.1.1 17.00 NOTE
r-oldrel-macos-x86_64 1.1.1 22.00 NOTE
r-oldrel-windows-x86_64 1.1.1 3.00 47.00 50.00 NOTE

Check Details

Version: 1.1.1
Check: LazyData
Result: NOTE 'LazyData' is specified without a 'data' directory Flavors: r-oldrel-macos-arm64, r-oldrel-macos-x86_64, r-oldrel-windows-x86_64