Last updated on 2025-05-21 20:50:40 CEST.
Flavor | Version | Tinstall | Tcheck | Ttotal | Status | Flags |
---|---|---|---|---|---|---|
r-devel-linux-x86_64-debian-clang | 0.3.13 | 15.10 | 31.95 | 47.05 | NOTE | |
r-devel-linux-x86_64-debian-gcc | 0.3.13 | 10.19 | 25.39 | 35.58 | NOTE | |
r-devel-linux-x86_64-fedora-clang | 0.3.13 | 82.29 | OK | |||
r-devel-linux-x86_64-fedora-gcc | 0.3.13 | 93.25 | OK | |||
r-devel-windows-x86_64 | 0.3.13 | 19.00 | 97.00 | 116.00 | OK | |
r-patched-linux-x86_64 | 0.3.13 | 14.21 | 29.88 | 44.09 | OK | |
r-release-linux-x86_64 | 0.3.13 | 12.94 | 29.96 | 42.90 | OK | |
r-release-macos-arm64 | 0.3.13 | 46.00 | OK | |||
r-release-macos-x86_64 | 0.3.13 | 97.00 | OK | |||
r-release-windows-x86_64 | 0.3.13 | 20.00 | 121.00 | 141.00 | OK | |
r-oldrel-macos-arm64 | 0.3.13 | 53.00 | OK | |||
r-oldrel-macos-x86_64 | 0.3.13 | 66.00 | OK | |||
r-oldrel-windows-x86_64 | 0.3.13 | 21.00 | 107.00 | 128.00 | OK |
Version: 0.3.13
Check: CRAN incoming feasibility
Result: NOTE
Maintainer: ‘Dirk Eddelbuettel <edd@debian.org>’
No Authors@R field in DESCRIPTION.
Please add one, modifying
Authors@R: c(person(given = "Dirk",
family = "Eddelbuettel",
role = c("aut", "cre"),
email = "edd@debian.org"),
person(given = "Romain",
family = "Francois",
role = "aut"))
as necessary.
Flavors: r-devel-linux-x86_64-debian-clang, r-devel-linux-x86_64-debian-gcc