Last updated on 2025-05-21 14:48:41 CEST.
Flavor | Version | Tinstall | Tcheck | Ttotal | Status | Flags |
---|---|---|---|---|---|---|
r-devel-linux-x86_64-debian-clang | 1.3 | 5.48 | 110.19 | 115.67 | NOTE | |
r-devel-linux-x86_64-debian-gcc | 1.3 | 4.03 | 80.10 | 84.13 | NOTE | |
r-devel-linux-x86_64-fedora-clang | 1.3 | 178.23 | OK | |||
r-devel-linux-x86_64-fedora-gcc | 1.3 | 191.49 | OK | |||
r-devel-windows-x86_64 | 1.3 | 7.00 | 161.00 | 168.00 | OK | |
r-patched-linux-x86_64 | 1.3 | 5.77 | 106.51 | 112.28 | OK | |
r-release-linux-x86_64 | 1.3 | 5.10 | 106.85 | 111.95 | OK | |
r-release-macos-arm64 | 1.3 | 64.00 | OK | |||
r-release-macos-x86_64 | 1.3 | 125.00 | OK | |||
r-release-windows-x86_64 | 1.3 | 7.00 | 167.00 | 174.00 | OK | |
r-oldrel-macos-arm64 | 1.3 | 56.00 | OK | |||
r-oldrel-macos-x86_64 | 1.3 | 104.00 | OK | |||
r-oldrel-windows-x86_64 | 1.3 | 9.00 | 173.00 | 182.00 | OK |
Version: 1.3
Check: CRAN incoming feasibility
Result: NOTE
Maintainer: ‘Brian Battaile <brian.battaile@gmail.com>’
No Authors@R field in DESCRIPTION.
Please add one, modifying
Authors@R: person(given = "Brian",
family = "Battaile",
role = c("aut", "cre"),
email = "brian.battaile@gmail.com")
as necessary.
Flavors: r-devel-linux-x86_64-debian-clang, r-devel-linux-x86_64-debian-gcc