Last updated on 2025-05-21 22:51:40 CEST.
Flavor | Version | Tinstall | Tcheck | Ttotal | Status | Flags |
---|---|---|---|---|---|---|
r-devel-linux-x86_64-debian-clang | 1.3 | 8.60 | 74.93 | 83.53 | NOTE | |
r-devel-linux-x86_64-debian-gcc | 1.3 | 6.63 | 57.13 | 63.76 | NOTE | |
r-devel-linux-x86_64-fedora-clang | 1.3 | 131.81 | OK | |||
r-devel-linux-x86_64-fedora-gcc | 1.3 | 132.55 | OK | |||
r-devel-windows-x86_64 | 1.3 | 13.00 | 93.00 | 106.00 | OK | |
r-patched-linux-x86_64 | 1.3 | 9.03 | 72.82 | 81.85 | OK | |
r-release-linux-x86_64 | 1.3 | 8.57 | 72.74 | 81.31 | OK | |
r-release-macos-arm64 | 1.3 | 38.00 | OK | |||
r-release-macos-x86_64 | 1.3 | 65.00 | OK | |||
r-release-windows-x86_64 | 1.3 | 11.00 | 91.00 | 102.00 | OK | |
r-oldrel-macos-arm64 | 1.3 | 37.00 | OK | |||
r-oldrel-macos-x86_64 | 1.3 | 53.00 | OK | |||
r-oldrel-windows-x86_64 | 1.3 | 13.00 | 102.00 | 115.00 | OK |
Version: 1.3
Check: CRAN incoming feasibility
Result: NOTE
Maintainer: ‘Yushu Shi <shiyushu2006@gmail.com>’
No Authors@R field in DESCRIPTION.
Please add one, modifying
Authors@R: person(given = "Yushu",
family = "Shi",
role = c("aut", "cre"),
email = "shiyushu2006@gmail.com")
as necessary.
Flavors: r-devel-linux-x86_64-debian-clang, r-devel-linux-x86_64-debian-gcc