Last updated on 2025-05-21 22:51:40 CEST.
Flavor | Version | Tinstall | Tcheck | Ttotal | Status | Flags |
---|---|---|---|---|---|---|
r-devel-linux-x86_64-debian-clang | 2.1.10 | 3.12 | 27.28 | 30.40 | NOTE | |
r-devel-linux-x86_64-debian-gcc | 2.1.10 | 2.37 | 20.41 | 22.78 | NOTE | |
r-devel-linux-x86_64-fedora-clang | 2.1.10 | 45.73 | OK | |||
r-devel-linux-x86_64-fedora-gcc | 2.1.10 | 43.51 | OK | |||
r-devel-windows-x86_64 | 2.1.10 | 5.00 | 58.00 | 63.00 | OK | |
r-patched-linux-x86_64 | 2.1.10 | 3.16 | 25.58 | 28.74 | OK | |
r-release-linux-x86_64 | 2.1.10 | 2.77 | 25.17 | 27.94 | OK | |
r-release-macos-arm64 | 2.1.10 | 21.00 | OK | |||
r-release-macos-x86_64 | 2.1.10 | 35.00 | OK | |||
r-release-windows-x86_64 | 2.1.10 | 6.00 | 64.00 | 70.00 | OK | |
r-oldrel-macos-arm64 | 2.1.10 | 26.00 | OK | |||
r-oldrel-macos-x86_64 | 2.1.10 | 28.00 | OK | |||
r-oldrel-windows-x86_64 | 2.1.10 | 5.00 | 60.00 | 65.00 | OK |
Version: 2.1.10
Check: CRAN incoming feasibility
Result: NOTE
Maintainer: ‘David Ardia <david.ardia.ch@gmail.com>’
Package CITATION file contains call(s) to old-style personList() or
as.personList(). Please use c() on person objects instead.
Package CITATION file contains call(s) to old-style citEntry(). Please
use bibentry() instead.
Flavors: r-devel-linux-x86_64-debian-clang, r-devel-linux-x86_64-debian-gcc