CRAN Package Check Results for Package binaryGP

Last updated on 2025-04-17 00:49:43 CEST.

Flavor Version Tinstall Tcheck Ttotal Status Flags
r-devel-linux-x86_64-debian-clang 0.2 32.18 30.20 62.38 OK
r-devel-linux-x86_64-debian-gcc 0.2 22.27 23.17 45.44 OK
r-devel-linux-x86_64-fedora-clang 0.2 114.45 OK
r-devel-linux-x86_64-fedora-gcc 0.2 114.40 OK
r-devel-windows-x86_64 0.2 38.00 67.00 105.00 OK
r-patched-linux-x86_64 0.2 30.54 29.66 60.20 OK
r-release-linux-x86_64 0.2 32.58 29.21 61.79 OK
r-release-macos-arm64 0.2 35.00 OK
r-release-macos-x86_64 0.2 51.00 OK
r-release-windows-x86_64 0.2 38.00 71.00 109.00 OK
r-oldrel-macos-arm64 0.2 31.00 NOTE
r-oldrel-macos-x86_64 0.2 52.00 NOTE
r-oldrel-windows-x86_64 0.2 46.00 78.00 124.00 NOTE

Check Details

Version: 0.2
Check: LazyData
Result: NOTE 'LazyData' is specified without a 'data' directory Flavors: r-oldrel-macos-arm64, r-oldrel-macos-x86_64, r-oldrel-windows-x86_64