Last updated on 2025-05-21 14:48:19 CEST.
Flavor | Version | Tinstall | Tcheck | Ttotal | Status | Flags |
---|---|---|---|---|---|---|
r-devel-linux-x86_64-debian-clang | 0.3.1 | 5.13 | 40.77 | 45.90 | OK | |
r-devel-linux-x86_64-debian-gcc | 0.3.1 | 3.90 | 30.95 | 34.85 | OK | |
r-devel-linux-x86_64-fedora-clang | 0.3.1 | 71.23 | OK | |||
r-devel-linux-x86_64-fedora-gcc | 0.3.1 | 67.48 | OK | |||
r-devel-windows-x86_64 | 0.3.1 | 7.00 | 61.00 | 68.00 | OK | |
r-patched-linux-x86_64 | 0.3.1 | 5.02 | 37.98 | 43.00 | OK | |
r-release-linux-x86_64 | 0.3.1 | 5.31 | 39.00 | 44.31 | OK | |
r-release-macos-arm64 | 0.3.1 | 27.00 | OK | |||
r-release-macos-x86_64 | 0.3.1 | 45.00 | OK | |||
r-release-windows-x86_64 | 0.3.1 | 7.00 | 57.00 | 64.00 | OK | |
r-oldrel-macos-arm64 | 0.3.1 | 23.00 | NOTE | |||
r-oldrel-macos-x86_64 | 0.3.1 | 36.00 | NOTE | |||
r-oldrel-windows-x86_64 | 0.3.1 | 8.00 | 69.00 | 77.00 | NOTE |
Version: 0.3.1
Check: LazyData
Result: NOTE
'LazyData' is specified without a 'data' directory
Flavors: r-oldrel-macos-arm64, r-oldrel-macos-x86_64, r-oldrel-windows-x86_64