CRAN Package Check Results for Package chemCal

Last updated on 2025-05-21 12:48:25 CEST.

Flavor Version Tinstall Tcheck Ttotal Status Flags
r-devel-linux-x86_64-debian-clang 0.2.3 2.09 26.95 29.04 OK
r-devel-linux-x86_64-debian-gcc 0.2.3 1.55 22.10 23.65 OK
r-devel-linux-x86_64-fedora-clang 0.2.3 44.23 OK
r-devel-linux-x86_64-fedora-gcc 0.2.3 56.89 OK
r-devel-windows-x86_64 0.2.3 4.00 54.00 58.00 OK
r-patched-linux-x86_64 0.2.3 2.20 25.16 27.36 OK
r-release-linux-x86_64 0.2.3 1.73 25.31 27.04 OK
r-release-macos-arm64 0.2.3 25.00 OK
r-release-macos-x86_64 0.2.3 46.00 OK
r-release-windows-x86_64 0.2.3 4.00 0.00 4.00 FAIL
r-oldrel-macos-arm64 0.2.3 28.00 OK
r-oldrel-macos-x86_64 0.2.3 35.00 OK
r-oldrel-windows-x86_64 0.2.3 3.00 54.00 57.00 OK

Check Details

Version: 0.2.3
Check: PDF version of manual
Result: FAIL Check process probably crashed or hung up for 20 minutes ... killed Most likely this happened in the example checks (?), if not, ignore the following last lines of example output: > # loq approx 14 from above). > loq(m3.means, w.loq = 1.67) $x [1] 7.346195 $y [1] 17.90777 > # The weight for the loq should therefore be derived at x = 7.3 instead > # of 15, but the graphical procedure of Massart (p. 201) to derive the > # variances on which the weights are based is quite inaccurate anyway. > > > > > ### * <FOOTER> > ### > cleanEx() > options(digits = 7L) > base::cat("Time elapsed: ", proc.time() - base::get("ptime", pos = 'CheckExEnv'),"\n") Time elapsed: 0.56 0.02 0.58 NA NA > grDevices::dev.off() null device 1 > ### > ### Local variables: *** > ### mode: outline-minor *** > ### outline-regexp: "\\(> \\)?### [*]+" *** > ### End: *** > quit('no') ======== End of example output (where/before crash/hang up occured ?) ======== Flavor: r-release-windows-x86_64