Last updated on 2025-05-21 12:48:26 CEST.
Flavor | Version | Tinstall | Tcheck | Ttotal | Status | Flags |
---|---|---|---|---|---|---|
r-devel-linux-x86_64-debian-clang | 1.5.0 | 2.57 | 42.55 | 45.12 | OK | |
r-devel-linux-x86_64-debian-gcc | 1.5.0 | 1.87 | 44.49 | 46.36 | OK | |
r-devel-linux-x86_64-fedora-clang | 1.5.0 | 98.72 | OK | |||
r-devel-linux-x86_64-fedora-gcc | 1.5.0 | 109.46 | OK | |||
r-devel-windows-x86_64 | 1.5.0 | 5.00 | 132.00 | 137.00 | OK | |
r-patched-linux-x86_64 | 1.5.0 | 2.44 | 60.79 | 63.23 | OK | |
r-release-linux-x86_64 | 1.5.0 | 2.33 | 40.38 | 42.71 | OK | |
r-release-macos-arm64 | 1.5.0 | 104.00 | OK | |||
r-release-macos-x86_64 | 1.5.0 | 89.00 | OK | |||
r-release-windows-x86_64 | 1.5.0 | 6.00 | 49.00 | 55.00 | ERROR | |
r-oldrel-macos-arm64 | 1.5.0 | 74.00 | OK | |||
r-oldrel-macos-x86_64 | 1.5.0 | 105.00 | OK | |||
r-oldrel-windows-x86_64 | 1.5.0 | 5.00 | 136.00 | 141.00 | OK |
Version: 1.5.0
Check: re-building of vignette outputs
Result: ERROR
Error(s) in re-building vignettes:
--- re-building 'quick_start_guide.Rmd' using rmarkdown
Quitting from quick_start_guide.Rmd:47-50 [unnamed-chunk-4]
~~~~~~~~~~~~~~~~~~~~~~~~~~~~~~~~~~~~~~~~~~~~~~~~~~~~~~~~~~~~~~~~~~~~~~~~~~~~~~~~
<error/rlang_error>
Error in `cso_download_tbl()`:
! Not a valid table code. See cso_get_toc() for all valid tables.
---
Backtrace:
▆
1. └─csodata::cso_get_meta("CDP06")
2. └─csodata:::cso_download_tbl(table_code, cache, flush_cache)
~~~~~~~~~~~~~~~~~~~~~~~~~~~~~~~~~~~~~~~~~~~~~~~~~~~~~~~~~~~~~~~~~~~~~~~~~~~~~~~~
Error: processing vignette 'quick_start_guide.Rmd' failed with diagnostics:
Not a valid table code. See cso_get_toc() for all valid tables.
--- failed re-building 'quick_start_guide.Rmd'
SUMMARY: processing the following file failed:
'quick_start_guide.Rmd'
Error: Vignette re-building failed.
Execution halted
Flavor: r-release-windows-x86_64