Last updated on 2025-05-21 18:49:49 CEST.
Flavor | Version | Tinstall | Tcheck | Ttotal | Status | Flags |
---|---|---|---|---|---|---|
r-devel-linux-x86_64-debian-clang | 0.78 | 42.13 | 382.24 | 424.37 | NOTE | |
r-devel-linux-x86_64-debian-gcc | 0.78 | 26.81 | 257.33 | 284.14 | NOTE | |
r-devel-linux-x86_64-fedora-clang | 0.78 | 667.28 | OK | |||
r-devel-linux-x86_64-fedora-gcc | 0.78 | 638.98 | OK | |||
r-devel-windows-x86_64 | 0.78 | 41.00 | 308.00 | 349.00 | NOTE | |
r-patched-linux-x86_64 | 0.78 | 42.23 | 356.11 | 398.34 | NOTE | |
r-release-linux-x86_64 | 0.78 | 43.15 | 360.15 | 403.30 | NOTE | |
r-release-macos-arm64 | 0.78 | 145.00 | OK | |||
r-release-macos-x86_64 | 0.78 | 287.00 | OK | |||
r-release-windows-x86_64 | 0.78 | 41.00 | 287.00 | 328.00 | NOTE | |
r-oldrel-macos-arm64 | 0.78 | 134.00 | OK | |||
r-oldrel-macos-x86_64 | 0.78 | 209.00 | OK | |||
r-oldrel-windows-x86_64 | 0.78 | 58.00 | 395.00 | 453.00 | OK |
Version: 0.78
Check: Rd cross-references
Result: NOTE
Found the following Rd file(s) with Rd \link{} targets missing package
anchors:
gl.spatial.autoCorr.Rd: gl.propShared, gl.dist.ind
Please provide package anchors for all Rd \link{} targets not in the
package itself and the base packages.
Flavors: r-devel-linux-x86_64-debian-clang, r-devel-linux-x86_64-debian-gcc, r-devel-windows-x86_64, r-patched-linux-x86_64, r-release-linux-x86_64, r-release-windows-x86_64