Last updated on 2025-05-21 22:51:45 CEST.
Flavor | Version | Tinstall | Tcheck | Ttotal | Status | Flags |
---|---|---|---|---|---|---|
r-devel-linux-x86_64-debian-clang | 0.1.1 | 2.63 | 23.97 | 26.60 | NOTE | |
r-devel-linux-x86_64-debian-gcc | 0.1.1 | 1.66 | 18.65 | 20.31 | NOTE | |
r-devel-linux-x86_64-fedora-clang | 0.1.1 | 41.69 | OK | |||
r-devel-linux-x86_64-fedora-gcc | 0.1.1 | 40.29 | OK | |||
r-devel-windows-x86_64 | 0.1.1 | 5.00 | 50.00 | 55.00 | OK | |
r-patched-linux-x86_64 | 0.1.1 | 2.47 | 23.15 | 25.62 | OK | |
r-release-linux-x86_64 | 0.1.1 | 1.78 | 22.99 | 24.77 | OK | |
r-release-macos-arm64 | 0.1.1 | 18.00 | OK | |||
r-release-macos-x86_64 | 0.1.1 | 29.00 | OK | |||
r-release-windows-x86_64 | 0.1.1 | 3.00 | 54.00 | 57.00 | OK | |
r-oldrel-macos-arm64 | 0.1.1 | 16.00 | OK | |||
r-oldrel-macos-x86_64 | 0.1.1 | 24.00 | OK | |||
r-oldrel-windows-x86_64 | 0.1.1 | 3.00 | 49.00 | 52.00 | OK |
Version: 0.1.1
Check: CRAN incoming feasibility
Result: NOTE
Maintainer: ‘Fengru Wang <wangfr@whu.edu.cn>’
No Authors@R field in DESCRIPTION.
Please add one, modifying
Authors@R: c(person(given = "Fengru",
family = "Wang",
role = c("aut", "cre"),
email = "wangfr@whu.edu.cn"),
person(given = "Yongbo",
family = "Gan",
role = "aut"),
person(given = "Zhijian",
family = "Yang",
role = "aut"),
person(given = "Wei",
family = "Mei",
role = "aut"))
as necessary.
Flavors: r-devel-linux-x86_64-debian-clang, r-devel-linux-x86_64-debian-gcc