Last updated on 2025-05-21 22:51:46 CEST.
Flavor | Version | Tinstall | Tcheck | Ttotal | Status | Flags |
---|---|---|---|---|---|---|
r-devel-linux-x86_64-debian-clang | 3042.78 | 4.41 | 41.45 | 45.86 | NOTE | |
r-devel-linux-x86_64-debian-gcc | 3042.78 | 3.15 | 30.13 | 33.28 | NOTE | |
r-devel-linux-x86_64-fedora-clang | 3042.78 | 72.98 | OK | |||
r-devel-linux-x86_64-fedora-gcc | 3042.78 | 70.95 | OK | |||
r-devel-windows-x86_64 | 3042.78 | 6.00 | 60.00 | 66.00 | OK | |
r-patched-linux-x86_64 | 3042.78 | 4.66 | 39.35 | 44.01 | OK | |
r-release-linux-x86_64 | 3042.78 | 4.18 | 39.10 | 43.28 | OK | |
r-release-macos-arm64 | 3042.78 | 25.00 | OK | |||
r-release-macos-x86_64 | 3042.78 | 51.00 | OK | |||
r-release-windows-x86_64 | 3042.78 | 5.00 | 62.00 | 67.00 | OK | |
r-oldrel-macos-arm64 | 3042.78 | 24.00 | NOTE | |||
r-oldrel-macos-x86_64 | 3042.78 | 41.00 | NOTE | |||
r-oldrel-windows-x86_64 | 3042.78 | 6.00 | 65.00 | 71.00 | NOTE |
Version: 3042.78
Check: CRAN incoming feasibility
Result: NOTE
Maintainer: ‘Tobias Setz <tobias.setz@live.com>’
No Authors@R field in DESCRIPTION.
Please add one, modifying
Authors@R: c(person(given = "Diethelm",
family = "Wuertz",
role = "aut"),
person(given = "Tobias",
family = "Setz",
role = "cre",
email = "tobias.setz@live.com"))
as necessary.
Flavors: r-devel-linux-x86_64-debian-clang, r-devel-linux-x86_64-debian-gcc
Version: 3042.78
Check: LazyData
Result: NOTE
'LazyData' is specified without a 'data' directory
Flavors: r-oldrel-macos-arm64, r-oldrel-macos-x86_64, r-oldrel-windows-x86_64