Last updated on 2025-07-05 22:50:24 CEST.
Flavor | Version | Tinstall | Tcheck | Ttotal | Status | Flags |
---|---|---|---|---|---|---|
r-devel-linux-x86_64-debian-clang | 1.5.0 | 1.97 | 51.08 | 53.05 | OK | |
r-devel-linux-x86_64-debian-gcc | 1.5.0 | 1.65 | 33.62 | 35.27 | OK | |
r-devel-linux-x86_64-fedora-clang | 1.5.0 | 81.61 | NOTE | |||
r-devel-linux-x86_64-fedora-gcc | 1.5.0 | 79.23 | NOTE | |||
r-devel-windows-x86_64 | 1.5.0 | 3.00 | 60.00 | 63.00 | OK | |
r-patched-linux-x86_64 | 1.5.0 | 1.82 | 47.86 | 49.68 | OK | |
r-release-linux-x86_64 | 1.5.0 | 2.02 | 47.35 | 49.37 | OK | |
r-release-macos-arm64 | 1.5.0 | 26.00 | OK | |||
r-release-macos-x86_64 | 1.5.0 | 53.00 | OK | |||
r-release-windows-x86_64 | 1.5.0 | 3.00 | 63.00 | 66.00 | OK | |
r-oldrel-macos-arm64 | 1.5.0 | 26.00 | OK | |||
r-oldrel-macos-x86_64 | 1.5.0 | 47.00 | OK | |||
r-oldrel-windows-x86_64 | 1.5.0 | 4.00 | 76.00 | 80.00 | OK |
Version: 1.5.0
Check: dependencies in R code
Result: NOTE
Namespace in Imports field not imported from: ‘agridat’
All declared Imports should be used.
Flavors: r-devel-linux-x86_64-fedora-clang, r-devel-linux-x86_64-fedora-gcc