CRAN Package Check Results for Package fpa

Last updated on 2025-05-21 22:51:46 CEST.

Flavor Version Tinstall Tcheck Ttotal Status Flags
r-devel-linux-x86_64-debian-clang 1.0 4.99 45.61 50.60 NOTE
r-devel-linux-x86_64-debian-gcc 1.0 2.93 33.02 35.95 NOTE
r-devel-linux-x86_64-fedora-clang 1.0 77.84 OK
r-devel-linux-x86_64-fedora-gcc 1.0 75.91 OK
r-devel-windows-x86_64 1.0 6.00 71.00 77.00 OK
r-patched-linux-x86_64 1.0 5.11 43.63 48.74 OK
r-release-linux-x86_64 1.0 4.79 43.26 48.05 OK
r-release-macos-arm64 1.0 27.00 OK
r-release-macos-x86_64 1.0 48.00 OK
r-release-windows-x86_64 1.0 6.00 76.00 82.00 OK
r-oldrel-macos-arm64 1.0 25.00 OK
r-oldrel-macos-x86_64 1.0 36.00 OK
r-oldrel-windows-x86_64 1.0 7.00 71.00 78.00 OK

Check Details

Version: 1.0
Check: CRAN incoming feasibility
Result: NOTE Maintainer: ‘Jinlu Cao <caojinlu@gmail.com>’ No Authors@R field in DESCRIPTION. Please add one, modifying Authors@R: person(given = "Jinlu", family = "Cao", role = c("aut", "cre"), email = "caojinlu@gmail.com") as necessary. Flavors: r-devel-linux-x86_64-debian-clang, r-devel-linux-x86_64-debian-gcc