Last updated on 2025-05-21 22:51:50 CEST.
Flavor | Version | Tinstall | Tcheck | Ttotal | Status | Flags |
---|---|---|---|---|---|---|
r-devel-linux-x86_64-debian-clang | 0.3 | 1.96 | 32.66 | 34.62 | NOTE | |
r-devel-linux-x86_64-debian-gcc | 0.3 | 1.49 | 26.13 | 27.62 | NOTE | |
r-devel-linux-x86_64-fedora-clang | 0.3 | 56.41 | OK | |||
r-devel-linux-x86_64-fedora-gcc | 0.3 | 67.75 | OK | |||
r-devel-windows-x86_64 | 0.3 | 3.00 | 86.00 | 89.00 | OK | |
r-patched-linux-x86_64 | 0.3 | 1.95 | 31.64 | 33.59 | OK | |
r-release-linux-x86_64 | 0.3 | 1.60 | 31.43 | 33.03 | OK | |
r-release-macos-arm64 | 0.3 | 37.00 | OK | |||
r-release-macos-x86_64 | 0.3 | 57.00 | OK | |||
r-release-windows-x86_64 | 0.3 | 3.00 | 91.00 | 94.00 | OK | |
r-oldrel-macos-arm64 | 0.3 | 26.00 | OK | |||
r-oldrel-macos-x86_64 | 0.3 | 44.00 | OK | |||
r-oldrel-windows-x86_64 | 0.3 | 4.00 | 74.00 | 78.00 | OK |
Version: 0.3
Check: CRAN incoming feasibility
Result: NOTE
Maintainer: ‘Michael Dewey <lists@dewey.myzen.co.uk>’
Package CITATION file contains call(s) to old-style personList() or
as.personList(). Please use c() on person objects instead.
Package CITATION file contains call(s) to old-style citEntry(). Please
use bibentry() instead.
Flavors: r-devel-linux-x86_64-debian-clang, r-devel-linux-x86_64-debian-gcc