Last updated on 2025-05-06 00:50:27 CEST.
Flavor | Version | Tinstall | Tcheck | Ttotal | Status | Flags |
---|---|---|---|---|---|---|
r-devel-linux-x86_64-debian-clang | 3.2.1 | 72.93 | 195.03 | 267.96 | OK | --no-vignettes |
r-devel-linux-x86_64-debian-gcc | 3.2.1 | 46.66 | 133.90 | 180.56 | OK | --no-vignettes |
r-devel-linux-x86_64-fedora-clang | 3.2.1 | 464.63 | OK | |||
r-devel-linux-x86_64-fedora-gcc | 3.2.1 | 464.55 | OK | |||
r-devel-windows-x86_64 | 3.2.1 | 76.00 | 247.00 | 323.00 | OK | |
r-patched-linux-x86_64 | 3.2.1 | 69.30 | 179.87 | 249.17 | OK | --no-vignettes |
r-release-linux-x86_64 | 3.2.1 | 63.37 | 178.79 | 242.16 | OK | --no-vignettes |
r-release-macos-arm64 | 3.2.1 | 78.00 | OK | |||
r-release-macos-x86_64 | 3.2.1 | 142.00 | OK | |||
r-release-windows-x86_64 | 3.2.1 | 78.00 | 239.00 | 317.00 | OK | |
r-oldrel-macos-arm64 | 3.2.1 | 91.00 | NOTE | |||
r-oldrel-macos-x86_64 | 3.2.1 | 156.00 | OK | |||
r-oldrel-windows-x86_64 | 3.2.1 | 96.00 | 297.00 | 393.00 | OK |
Version: 3.2.1
Check: installed package size
Result: NOTE
installed size is 5.7Mb
sub-directories of 1Mb or more:
libs 3.8Mb
Flavor: r-oldrel-macos-arm64