Last updated on 2025-07-05 22:50:31 CEST.
Flavor | Version | Tinstall | Tcheck | Ttotal | Status | Flags |
---|---|---|---|---|---|---|
r-devel-linux-x86_64-debian-clang | 2.2.7 | 133.17 | 438.57 | 571.74 | OK | |
r-devel-linux-x86_64-debian-gcc | 2.2.7 | 117.85 | 326.50 | 444.35 | OK | |
r-devel-linux-x86_64-fedora-clang | 2.2.7 | 986.77 | OK | |||
r-devel-linux-x86_64-fedora-gcc | 2.2.7 | 982.47 | OK | |||
r-devel-windows-x86_64 | 2.2.7 | 210.00 | 440.00 | 650.00 | OK | |
r-patched-linux-x86_64 | 2.2.7 | 181.46 | 469.86 | 651.32 | OK | |
r-release-linux-x86_64 | 2.2.7 | 174.94 | 476.30 | 651.24 | OK | |
r-release-macos-arm64 | 2.2.7 | 225.00 | OK | |||
r-release-macos-x86_64 | 2.2.7 | 411.00 | OK | |||
r-release-windows-x86_64 | 2.2.7 | 215.00 | 459.00 | 674.00 | OK | |
r-oldrel-macos-arm64 | 2.2.7 | 118.00 | NOTE | |||
r-oldrel-macos-x86_64 | 2.2.7 | 213.00 | NOTE | |||
r-oldrel-windows-x86_64 | 2.2.7 | 264.00 | 601.00 | 865.00 | NOTE |
Version: 2.2.7
Check: installed package size
Result: NOTE
installed size is 6.3Mb
sub-directories of 1Mb or more:
exampledata 1.5Mb
libs 3.4Mb
Flavors: r-oldrel-macos-arm64, r-oldrel-macos-x86_64
Version: 2.2.7
Check: for GNU extensions in Makefiles
Result: NOTE
GNU make is a SystemRequirements.
Flavors: r-oldrel-macos-arm64, r-oldrel-macos-x86_64, r-oldrel-windows-x86_64