CRAN Package Check Results for Package portfolio.optimization

Last updated on 2025-05-21 16:56:26 CEST.

Flavor Version Tinstall Tcheck Ttotal Status Flags
r-devel-linux-x86_64-debian-clang 1.0-0 4.90 427.33 432.23 NOTE
r-devel-linux-x86_64-debian-gcc 1.0-0 3.33 262.62 265.95 NOTE
r-devel-linux-x86_64-fedora-clang 1.0-0 629.98 NOTE
r-devel-linux-x86_64-fedora-gcc 1.0-0 692.70 NOTE
r-devel-windows-x86_64 1.0-0 81.00 309.00 390.00 FAIL
r-patched-linux-x86_64 1.0-0 4.95 395.68 400.63 NOTE
r-release-linux-x86_64 1.0-0 3.74 390.19 393.93 NOTE
r-release-macos-arm64 1.0-0 208.00 NOTE
r-release-macos-x86_64 1.0-0 421.00 NOTE
r-release-windows-x86_64 1.0-0 82.00 310.00 392.00 NOTE
r-oldrel-macos-arm64 1.0-0 181.00 NOTE
r-oldrel-macos-x86_64 1.0-0 298.00 NOTE
r-oldrel-windows-x86_64 1.0-0 104.00 405.00 509.00 NOTE

Check Details

Version: 1.0-0
Check: package subdirectories
Result: NOTE Problems with news in ‘NEWS.md’: No news entries found. Flavors: r-devel-linux-x86_64-debian-clang, r-devel-linux-x86_64-debian-gcc, r-devel-linux-x86_64-fedora-clang, r-devel-linux-x86_64-fedora-gcc, r-devel-windows-x86_64, r-patched-linux-x86_64, r-release-linux-x86_64, r-release-macos-arm64, r-release-macos-x86_64, r-release-windows-x86_64, r-oldrel-macos-arm64, r-oldrel-macos-x86_64, r-oldrel-windows-x86_64

Version: 1.0-0
Check: PDF version of manual
Result: FAIL Check process probably crashed or hung up for 20 minutes ... killed Most likely this happened in the example checks (?), if not, ignore the following last lines of example output: > ### Aliases: portfolio.weights portfolio w weights x > > ### ** Examples > > data(sp100w17av30s) > portfolio.weights(optimal.portfolio(scenario.set)) [1] 0.06370045 0.00000000 0.02209588 0.00000000 0.01609443 0.00000000 [7] 0.00000000 0.04324892 0.03137548 0.02655425 0.00000000 0.00781689 [13] 0.00000000 0.00000000 0.05274754 0.05548601 0.28969810 0.00425496 [19] 0.00000000 0.04738606 0.00000000 0.04009748 0.00246522 0.01533337 [25] 0.03238061 0.03242473 0.00000000 0.01385091 0.04021826 0.16277046 > > > > > ### * <FOOTER> > ### > cleanEx() > options(digits = 7L) > base::cat("Time elapsed: ", proc.time() - base::get("ptime", pos = 'CheckExEnv'),"\n") Time elapsed: 1.57 0.88 2.46 NA NA > grDevices::dev.off() null device 1 > ### > ### Local variables: *** > ### mode: outline-minor *** > ### outline-regexp: "\\(> \\)?### [*]+" *** > ### End: *** > quit('no') ======== End of example output (where/before crash/hang up occured ?) ======== Flavor: r-devel-windows-x86_64