CRAN Package Check Results for Package ppsr

Last updated on 2025-05-21 12:48:37 CEST.

Flavor Version Tinstall Tcheck Ttotal Status Flags
r-devel-linux-x86_64-debian-clang 0.0.5 2.17 32.35 34.52 OK
r-devel-linux-x86_64-debian-gcc 0.0.5 1.69 24.98 26.67 OK
r-devel-linux-x86_64-fedora-clang 0.0.5 53.06 NOTE
r-devel-linux-x86_64-fedora-gcc 0.0.5 49.84 NOTE
r-devel-windows-x86_64 0.0.5 3.00 55.00 58.00 OK
r-patched-linux-x86_64 0.0.5 2.50 29.91 32.41 OK
r-release-linux-x86_64 0.0.5 2.26 29.69 31.95 OK
r-release-macos-arm64 0.0.5 22.00 OK
r-release-macos-x86_64 0.0.5 33.00 OK
r-release-windows-x86_64 0.0.5 3.00 54.00 57.00 OK
r-oldrel-macos-arm64 0.0.5 21.00 OK
r-oldrel-macos-x86_64 0.0.5 29.00 OK
r-oldrel-windows-x86_64 0.0.5 5.00 57.00 62.00 OK

Check Details

Version: 0.0.5
Check: dependencies in R code
Result: NOTE Namespaces in Imports field not imported from: ‘rpart’ ‘withr’ All declared Imports should be used. Flavors: r-devel-linux-x86_64-fedora-clang, r-devel-linux-x86_64-fedora-gcc