CRAN Package Check Results for Package processmonitR

Last updated on 2025-05-21 12:48:38 CEST.

Flavor Version Tinstall Tcheck Ttotal Status Flags
r-devel-linux-x86_64-debian-clang 0.1.0 8.89 62.41 71.30 NOTE
r-devel-linux-x86_64-debian-gcc 0.1.0 5.82 44.20 50.02 NOTE
r-devel-linux-x86_64-fedora-clang 0.1.0 112.32 OK
r-devel-linux-x86_64-fedora-gcc 0.1.0 118.34 OK
r-devel-windows-x86_64 0.1.0 10.00 87.00 97.00 OK
r-patched-linux-x86_64 0.1.0 7.99 59.27 67.26 OK
r-release-linux-x86_64 0.1.0 7.45 59.28 66.73 OK
r-release-macos-arm64 0.1.0 37.00 OK
r-release-macos-x86_64 0.1.0 88.00 OK
r-release-windows-x86_64 0.1.0 9.00 75.00 84.00 OK
r-oldrel-macos-arm64 0.1.0 38.00 NOTE
r-oldrel-macos-x86_64 0.1.0 54.00 NOTE
r-oldrel-windows-x86_64 0.1.0 12.00 86.00 98.00 NOTE

Check Details

Version: 0.1.0
Check: CRAN incoming feasibility
Result: NOTE Maintainer: ‘gert.janssenswillen@uhasselt.be <gert.janssenswillen@uhasselt.be>’ No Authors@R field in DESCRIPTION. Please add one, modifying Authors@R: c(person(given = "Gert", family = "Janssenswillen", role = "aut"), person(family = "gert.janssenswillen@uhasselt.be", role = "cre", email = "gert.janssenswillen@uhasselt.be")) as necessary. Flavors: r-devel-linux-x86_64-debian-clang, r-devel-linux-x86_64-debian-gcc

Version: 0.1.0
Check: LazyData
Result: NOTE 'LazyData' is specified without a 'data' directory Flavors: r-oldrel-macos-arm64, r-oldrel-macos-x86_64, r-oldrel-windows-x86_64