Last updated on 2025-07-06 16:48:35 CEST.
Flavor | Version | Tinstall | Tcheck | Ttotal | Status | Flags |
---|---|---|---|---|---|---|
r-devel-linux-x86_64-debian-clang | 0.0.1 | 39.93 | 340.40 | 380.33 | OK | |
r-devel-linux-x86_64-debian-gcc | 0.0.1 | 26.23 | 250.56 | 276.79 | OK | |
r-devel-linux-x86_64-fedora-clang | 0.0.1 | 593.24 | OK | |||
r-devel-linux-x86_64-fedora-gcc | 0.0.1 | 618.61 | OK | |||
r-devel-windows-x86_64 | 0.0.1 | 37.00 | 275.00 | 312.00 | OK | |
r-patched-linux-x86_64 | 0.0.1 | 36.05 | 319.38 | 355.43 | OK | |
r-release-linux-x86_64 | 0.0.1 | 37.38 | 321.67 | 359.05 | OK | |
r-release-macos-arm64 | 0.0.1 | 5.00 | ERROR | |||
r-release-macos-x86_64 | 0.0.1 | 6.00 | ERROR | |||
r-release-windows-x86_64 | 0.0.1 | 28.00 | 5.00 | 33.00 | ERROR | |
r-oldrel-macos-arm64 | 0.0.1 | 10.00 | ERROR | |||
r-oldrel-macos-x86_64 | 0.0.1 | 11.00 | ERROR | |||
r-oldrel-windows-x86_64 | 0.0.1 | 20.00 | 9.00 | 29.00 | ERROR |
Version: 0.0.1
Check: package dependencies
Result: ERROR
Package required but not available: ‘BSgenome.Hsapiens.UCSC.hg38’
See section ‘The DESCRIPTION file’ in the ‘Writing R Extensions’
manual.
Flavors: r-release-macos-arm64, r-release-macos-x86_64, r-oldrel-macos-arm64, r-oldrel-macos-x86_64
Version: 0.0.1
Check: whether package can be installed
Result: ERROR
Installation failed.
Flavors: r-release-windows-x86_64, r-oldrel-windows-x86_64