Last updated on 2025-05-21 12:48:42 CEST.
Flavor | Version | Tinstall | Tcheck | Ttotal | Status | Flags |
---|---|---|---|---|---|---|
r-devel-linux-x86_64-debian-clang | 1.4.7 | 12.52 | 117.69 | 130.21 | OK | |
r-devel-linux-x86_64-debian-gcc | 1.4.7 | 7.45 | 88.16 | 95.61 | OK | |
r-devel-linux-x86_64-fedora-clang | 1.4.7 | 212.80 | OK | |||
r-devel-linux-x86_64-fedora-gcc | 1.4.7 | 189.23 | OK | |||
r-devel-windows-x86_64 | 1.4.7 | 15.00 | 178.00 | 193.00 | OK | |
r-patched-linux-x86_64 | 1.4.7 | 15.24 | 111.16 | 126.40 | OK | |
r-release-linux-x86_64 | 1.4.7 | 12.81 | 110.76 | 123.57 | OK | |
r-release-macos-arm64 | 1.4.7 | 59.00 | OK | |||
r-release-macos-x86_64 | 1.4.7 | 131.00 | OK | |||
r-release-windows-x86_64 | 1.4.7 | 17.00 | 174.00 | 191.00 | OK | |
r-oldrel-macos-arm64 | 1.4.7 | 67.00 | NOTE | |||
r-oldrel-macos-x86_64 | 1.4.7 | 139.00 | NOTE | |||
r-oldrel-windows-x86_64 | 1.4.7 | 18.00 | 189.00 | 207.00 | NOTE |
Version: 1.4.7
Check: package dependencies
Result: NOTE
Package suggested but not available for checking: ‘rCOSA’
Flavors: r-oldrel-macos-arm64, r-oldrel-macos-x86_64, r-oldrel-windows-x86_64
Version: 1.4.7
Check: Rd cross-references
Result: NOTE
Package unavailable to check Rd xrefs: ‘rCOSA’
Flavors: r-oldrel-macos-arm64, r-oldrel-macos-x86_64, r-oldrel-windows-x86_64