CRAN Package Check Results for Package sparseEigen

Last updated on 2025-07-05 12:50:27 CEST.

Flavor Version Tinstall Tcheck Ttotal Status Flags
r-devel-linux-x86_64-debian-clang 0.1.0 2.10 85.21 87.31 NOTE
r-devel-linux-x86_64-debian-gcc 0.1.0 1.71 73.15 74.86 NOTE
r-devel-linux-x86_64-fedora-clang 0.1.0 144.08 OK
r-devel-linux-x86_64-fedora-gcc 0.1.0 188.27 OK
r-devel-windows-x86_64 0.1.0 3.00 105.00 108.00 OK
r-patched-linux-x86_64 0.1.0 2.19 105.29 107.48 OK
r-release-linux-x86_64 0.1.0 1.78 104.78 106.56 OK
r-release-macos-arm64 0.1.0 58.00 OK
r-release-macos-x86_64 0.1.0 140.00 OK
r-release-windows-x86_64 0.1.0 3.00 104.00 107.00 OK
r-oldrel-macos-arm64 0.1.0 58.00 NOTE
r-oldrel-macos-x86_64 0.1.0 94.00 NOTE
r-oldrel-windows-x86_64 0.1.0 3.00 138.00 141.00 NOTE

Check Details

Version: 0.1.0
Check: CRAN incoming feasibility
Result: NOTE Maintainer: ‘Daniel P. Palomar <daniel.p.palomar@gmail.com>’ Package CITATION file contains call(s) to old-style personList() or as.personList(). Please use c() on person objects instead. Package CITATION file contains call(s) to old-style citEntry(). Please use bibentry() instead. Flavors: r-devel-linux-x86_64-debian-clang, r-devel-linux-x86_64-debian-gcc

Version: 0.1.0
Check: LazyData
Result: NOTE 'LazyData' is specified without a 'data' directory Flavors: r-oldrel-macos-arm64, r-oldrel-macos-x86_64, r-oldrel-windows-x86_64