Last updated on 2025-07-05 21:49:40 CEST.
Flavor | Version | Tinstall | Tcheck | Ttotal | Status | Flags |
---|---|---|---|---|---|---|
r-devel-linux-x86_64-debian-clang | 1.1.7 | 9.74 | 100.99 | 110.73 | NOTE | |
r-devel-linux-x86_64-debian-gcc | 1.1.7 | 6.58 | 74.47 | 81.05 | NOTE | |
r-devel-linux-x86_64-fedora-clang | 1.1.7 | 169.44 | OK | |||
r-devel-linux-x86_64-fedora-gcc | 1.1.7 | 171.97 | OK | |||
r-devel-windows-x86_64 | 1.1.7 | 10.00 | 124.00 | 134.00 | OK | |
r-patched-linux-x86_64 | 1.1.7 | 10.09 | 97.24 | 107.33 | OK | |
r-release-linux-x86_64 | 1.1.7 | 9.41 | 95.69 | 105.10 | OK | |
r-release-macos-arm64 | 1.1.7 | 95.00 | OK | |||
r-release-macos-x86_64 | 1.1.7 | 146.00 | OK | |||
r-release-windows-x86_64 | 1.1.7 | 10.00 | 131.00 | 141.00 | OK | |
r-oldrel-macos-arm64 | 1.1.7 | 56.00 | OK | |||
r-oldrel-macos-x86_64 | 1.1.7 | 86.00 | OK | |||
r-oldrel-windows-x86_64 | 1.1.7 | 15.00 | 145.00 | 160.00 | OK |
Version: 1.1.7
Check: CRAN incoming feasibility
Result: NOTE
Maintainer: ‘Moritz Berger <Moritz.Berger@imbie.uni-bonn.de>’
No Authors@R field in DESCRIPTION.
Please add one, modifying
Authors@R: person(given = "Moritz",
family = "Berger",
role = c("aut", "cre"),
email = "moritz.berger@imbie.uni-bonn.de")
as necessary.
Flavors: r-devel-linux-x86_64-debian-clang, r-devel-linux-x86_64-debian-gcc