CRAN Package Check Results for Package wbsd

Last updated on 2025-05-21 14:48:42 CEST.

Flavor Version Tinstall Tcheck Ttotal Status Flags
r-devel-linux-x86_64-debian-clang 1.0.0 28.64 27.18 55.82 NOTE
r-devel-linux-x86_64-debian-gcc 1.0.0 20.16 23.11 43.27 NOTE
r-devel-linux-x86_64-fedora-clang 1.0.0 98.65 OK
r-devel-linux-x86_64-fedora-gcc 1.0.0 104.77 OK
r-devel-windows-x86_64 1.0.0 32.00 86.00 118.00 OK
r-patched-linux-x86_64 1.0.0 28.19 28.07 56.26 OK
r-release-linux-x86_64 1.0.0 26.16 27.63 53.79 OK
r-release-macos-arm64 1.0.0 30.00 OK
r-release-macos-x86_64 1.0.0 59.00 OK
r-release-windows-x86_64 1.0.0 33.00 79.00 112.00 OK
r-oldrel-macos-arm64 1.0.0 33.00 NOTE
r-oldrel-macos-x86_64 1.0.0 45.00 NOTE
r-oldrel-windows-x86_64 1.0.0 37.00 84.00 121.00 OK

Check Details

Version: 1.0.0
Check: CRAN incoming feasibility
Result: NOTE Maintainer: ‘David Preinerstorfer <david.preinerstorfer@ulb.be>’ No Authors@R field in DESCRIPTION. Please add one, modifying Authors@R: person(given = "David", family = "Preinerstorfer", role = c("aut", "cre"), email = "david.preinerstorfer@ulb.be") as necessary. Package CITATION file contains call(s) to old-style citEntry(). Please use bibentry() instead. The Description field contains Heteroskedasticity Robust Tests?" <arXiv:2005.04089>. This diagnostic Please refer to arXiv e-prints via their arXiv DOI <doi:10.48550/arXiv.YYMM.NNNNN>. Flavors: r-devel-linux-x86_64-debian-clang, r-devel-linux-x86_64-debian-gcc

Version: 1.0.0
Check: installed package size
Result: NOTE installed size is 5.3Mb sub-directories of 1Mb or more: libs 5.2Mb Flavors: r-oldrel-macos-arm64, r-oldrel-macos-x86_64