CRAN Package Check Results for Package DCEtool

Last updated on 2025-07-05 22:50:22 CEST.

Flavor Version Tinstall Tcheck Ttotal Status Flags
r-devel-linux-x86_64-debian-clang 1.1.1 12.28 94.03 106.31 OK
r-devel-linux-x86_64-debian-gcc 1.1.1 7.82 67.39 75.21 OK
r-devel-linux-x86_64-fedora-clang 1.1.1 175.45 NOTE
r-devel-linux-x86_64-fedora-gcc 1.1.1 172.51 NOTE
r-devel-windows-x86_64 1.1.1 15.00 98.00 113.00 OK
r-patched-linux-x86_64 1.1.1 11.57 88.54 100.11 OK
r-release-linux-x86_64 1.1.1 12.27 88.47 100.74 OK
r-release-macos-arm64 1.1.1 72.00 OK
r-release-macos-x86_64 1.1.1 161.00 OK
r-release-windows-x86_64 1.1.1 15.00 102.00 117.00 OK
r-oldrel-macos-arm64 1.1.1 63.00 OK
r-oldrel-macos-x86_64 1.1.1 193.00 OK
r-oldrel-windows-x86_64 1.1.1 18.00 127.00 145.00 OK

Check Details

Version: 1.1.1
Check: dependencies in R code
Result: NOTE Namespaces in Imports field not imported from: ‘knitr’ ‘usethis’ All declared Imports should be used. Flavors: r-devel-linux-x86_64-fedora-clang, r-devel-linux-x86_64-fedora-gcc