Last updated on 2025-07-05 21:49:22 CEST.
Flavor | Version | Tinstall | Tcheck | Ttotal | Status | Flags |
---|---|---|---|---|---|---|
r-devel-linux-x86_64-debian-clang | 0.7.6 | 5.78 | 71.74 | 77.52 | NOTE | |
r-devel-linux-x86_64-debian-gcc | 0.7.6 | 3.84 | 50.25 | 54.09 | NOTE | |
r-devel-linux-x86_64-fedora-clang | 0.7.6 | 114.68 | OK | |||
r-devel-linux-x86_64-fedora-gcc | 0.7.6 | 121.42 | OK | |||
r-devel-windows-x86_64 | 0.7.6 | 11.00 | 182.00 | 193.00 | OK | |
r-patched-linux-x86_64 | 0.7.6 | 10.92 | 68.66 | 79.58 | OK | |
r-release-linux-x86_64 | 0.7.6 | 4.69 | 67.99 | 72.68 | OK | |
r-release-macos-arm64 | 0.7.6 | 41.00 | OK | |||
r-release-macos-x86_64 | 0.7.6 | 86.00 | OK | |||
r-release-windows-x86_64 | 0.7.6 | 10.00 | 183.00 | 193.00 | OK | |
r-oldrel-macos-arm64 | 0.7.6 | 39.00 | OK | |||
r-oldrel-macos-x86_64 | 0.7.6 | 64.00 | OK | |||
r-oldrel-windows-x86_64 | 0.7.6 | 10.00 | 198.00 | 208.00 | OK |
Version: 0.7.6
Check: CRAN incoming feasibility
Result: NOTE
Maintainer: ‘John Verzani <jverzani@gmail.com>’
No Authors@R field in DESCRIPTION.
Please add one, modifying
Authors@R: c(person(given = c("Original", "by", "Jay", "L."),
family = "Devore",
role = "aut"),
person(given = c("modifications", "by", "Douglas"),
family = "Bates",
role = "aut",
email = "bates@stat.wisc.edu"),
person(given = c("modifications", "for", "7th", "edition", "by", "John"),
family = "Verzani.",
role = "aut"),
person(given = "John",
family = "Verzani",
role = "cre",
email = "jverzani@gmail.com"))
as necessary.
Flavors: r-devel-linux-x86_64-debian-clang, r-devel-linux-x86_64-debian-gcc