CRAN Package Check Results for Package PPSFS

Last updated on 2025-07-05 21:49:33 CEST.

Flavor Version Tinstall Tcheck Ttotal Status Flags
r-devel-linux-x86_64-debian-clang 0.1.0 24.74 56.31 81.05 NOTE
r-devel-linux-x86_64-debian-gcc 0.1.1 15.71 42.70 58.41 OK
r-devel-linux-x86_64-fedora-clang 0.1.1 135.65 OK
r-devel-linux-x86_64-fedora-gcc 0.1.1 120.76 OK
r-devel-windows-x86_64 0.1.0 28.00 84.00 112.00 NOTE
r-patched-linux-x86_64 0.1.0 23.77 52.29 76.06 NOTE
r-release-linux-x86_64 0.1.0 22.35 51.90 74.25 NOTE
r-release-macos-arm64 0.1.0 32.00 NOTE
r-release-macos-x86_64 0.1.1 65.00 OK
r-release-windows-x86_64 0.1.1 26.00 87.00 113.00 OK
r-oldrel-macos-arm64 0.1.0 36.00 NOTE
r-oldrel-macos-x86_64 0.1.1 85.00 OK
r-oldrel-windows-x86_64 0.1.0 34.00 100.00 134.00 NOTE

Check Details

Version: 0.1.0
Check: C++ specification
Result: NOTE Specified C++11: please drop specification unless essential Flavors: r-devel-linux-x86_64-debian-clang, r-devel-windows-x86_64, r-patched-linux-x86_64, r-release-linux-x86_64, r-release-macos-arm64, r-oldrel-macos-arm64, r-oldrel-windows-x86_64