CRAN Package Check Results for Package bcv

Last updated on 2025-07-03 04:50:50 CEST.

Flavor Version Tinstall Tcheck Ttotal Status Flags
r-devel-linux-x86_64-debian-clang 1.0.2 4.88 35.49 40.37 NOTE
r-devel-linux-x86_64-debian-gcc 1.0.2 4.01 25.66 29.67 NOTE
r-devel-linux-x86_64-fedora-clang 1.0.2 64.68 OK
r-devel-linux-x86_64-fedora-gcc 1.0.2 60.02 OK
r-devel-windows-x86_64 1.0.2 12.00 55.00 67.00 OK
r-patched-linux-x86_64 1.0.2 4.80 33.39 38.19 OK
r-release-linux-x86_64 1.0.2 4.74 32.27 37.01 OK
r-release-macos-arm64 1.0.2 24.00 OK
r-release-macos-x86_64 1.0.2 58.00 OK
r-release-windows-x86_64 1.0.2 11.00 58.00 69.00 OK
r-oldrel-macos-arm64 1.0.2 28.00 OK
r-oldrel-macos-x86_64 1.0.2 52.00 OK
r-oldrel-windows-x86_64 1.0.2 12.00 64.00 76.00 OK

Check Details

Version: 1.0.2
Check: CRAN incoming feasibility
Result: NOTE Maintainer: ‘Michal Burdukiewicz <michalburdukiewicz@gmail.com>’ The Description field contains article (at <arXiv:0908.2062>) and Perry's 2009 PhD thesis (at <arXiv:0909.3052>). Please refer to arXiv e-prints via their arXiv DOI <doi:10.48550/arXiv.YYMM.NNNNN>. Flavors: r-devel-linux-x86_64-debian-clang, r-devel-linux-x86_64-debian-gcc