Last updated on 2025-07-06 10:49:41 CEST.
Flavor | Version | Tinstall | Tcheck | Ttotal | Status | Flags |
---|---|---|---|---|---|---|
r-devel-linux-x86_64-debian-clang | 0.2.2 | 10.41 | 87.62 | 98.03 | OK | |
r-devel-linux-x86_64-debian-gcc | 0.2.2 | 7.05 | 62.29 | 69.34 | OK | |
r-devel-linux-x86_64-fedora-clang | 0.2.2 | 152.85 | NOTE | |||
r-devel-linux-x86_64-fedora-gcc | 0.2.2 | 140.32 | NOTE | |||
r-devel-windows-x86_64 | 0.2.2 | 12.00 | 92.00 | 104.00 | OK | |
r-patched-linux-x86_64 | 0.2.2 | 10.77 | 82.65 | 93.42 | OK | |
r-release-linux-x86_64 | 0.2.2 | 9.90 | 82.18 | 92.08 | OK | |
r-release-macos-arm64 | 0.2.2 | 68.00 | OK | |||
r-release-macos-x86_64 | 0.2.2 | 80.00 | OK | |||
r-release-windows-x86_64 | 0.2.2 | 13.00 | 88.00 | 101.00 | OK | |
r-oldrel-macos-arm64 | 0.2.2 | 43.00 | OK | |||
r-oldrel-macos-x86_64 | 0.2.2 | 136.00 | OK | |||
r-oldrel-windows-x86_64 | 0.2.2 | 16.00 | 125.00 | 141.00 | OK |
Version: 0.2.2
Check: dependencies in R code
Result: NOTE
Namespace in Imports field not imported from: ‘markdown’
All declared Imports should be used.
Flavors: r-devel-linux-x86_64-fedora-clang, r-devel-linux-x86_64-fedora-gcc