CRAN Package Check Results for Package categoryEncodings

Last updated on 2025-07-05 21:49:20 CEST.

Flavor Version Tinstall Tcheck Ttotal Status Flags
r-devel-linux-x86_64-debian-clang 1.4.3 8.34 73.99 82.33 NOTE
r-devel-linux-x86_64-debian-gcc 1.4.3 5.15 52.60 57.75 NOTE
r-devel-linux-x86_64-fedora-clang 1.4.3 120.49 OK
r-devel-linux-x86_64-fedora-gcc 1.4.3 106.77 OK
r-devel-windows-x86_64 1.4.3 8.00 76.00 84.00 OK
r-patched-linux-x86_64 1.4.3 7.07 64.64 71.71 OK
r-release-linux-x86_64 1.4.3 6.92 62.59 69.51 OK
r-release-macos-arm64 1.4.3 38.00 OK
r-release-macos-x86_64 1.4.3 68.00 OK
r-release-windows-x86_64 1.4.3 9.00 78.00 87.00 OK
r-oldrel-macos-arm64 1.4.3 35.00 OK
r-oldrel-macos-x86_64 1.4.3 53.00 OK
r-oldrel-windows-x86_64 1.4.3 10.00 101.00 111.00 OK

Check Details

Version: 1.4.3
Check: CRAN incoming feasibility
Result: NOTE Maintainer: ‘Juraj Szitas <szitas.juraj13@gmail.com>’ The Description field contains Hadad, Athey, Wager (2019) <arXiv:1908.09874>, particularly their mean, Please refer to arXiv e-prints via their arXiv DOI <doi:10.48550/arXiv.YYMM.NNNNN>. Flavors: r-devel-linux-x86_64-debian-clang, r-devel-linux-x86_64-debian-gcc