Last updated on 2025-07-06 10:49:46 CEST.
Flavor | Version | Tinstall | Tcheck | Ttotal | Status | Flags |
---|---|---|---|---|---|---|
r-devel-linux-x86_64-debian-clang | 0.1.12 | 9.33 | 73.44 | 82.77 | OK | |
r-devel-linux-x86_64-debian-gcc | 0.1.12 | 6.94 | 54.29 | 61.23 | OK | |
r-devel-linux-x86_64-fedora-clang | 0.1.12 | 127.54 | NOTE | |||
r-devel-linux-x86_64-fedora-gcc | 0.1.12 | 134.89 | NOTE | |||
r-devel-windows-x86_64 | 0.1.12 | 10.00 | 94.00 | 104.00 | OK | |
r-patched-linux-x86_64 | 0.1.12 | 9.42 | 68.23 | 77.65 | OK | |
r-release-linux-x86_64 | 0.1.12 | 9.25 | 67.44 | 76.69 | OK | |
r-release-macos-arm64 | 0.1.12 | 43.00 | OK | |||
r-release-macos-x86_64 | 0.1.12 | 88.00 | OK | |||
r-release-windows-x86_64 | 0.1.12 | 11.00 | 93.00 | 104.00 | OK | |
r-oldrel-macos-arm64 | 0.1.12 | 39.00 | OK | |||
r-oldrel-macos-x86_64 | 0.1.12 | 62.00 | OK | |||
r-oldrel-windows-x86_64 | 0.1.12 | 16.00 | 112.00 | 128.00 | OK |
Version: 0.1.12
Check: dependencies in R code
Result: NOTE
Namespaces in Imports field not imported from:
‘googlesheets4’ ‘tidyr’
All declared Imports should be used.
Flavors: r-devel-linux-x86_64-fedora-clang, r-devel-linux-x86_64-fedora-gcc