CRAN Package Check Results for Package ggfx

Last updated on 2025-07-06 10:49:46 CEST.

Flavor Version Tinstall Tcheck Ttotal Status Flags
r-devel-linux-x86_64-debian-clang 1.0.1 8.54 124.26 132.80 NOTE
r-devel-linux-x86_64-debian-gcc 1.0.1 5.96 80.66 86.62 NOTE
r-devel-linux-x86_64-fedora-clang 1.0.1 176.82 NOTE
r-devel-linux-x86_64-fedora-gcc 1.0.1 184.83 NOTE
r-devel-windows-x86_64 1.0.1 10.00 111.00 121.00 NOTE
r-patched-linux-x86_64 1.0.1 8.49 108.82 117.31 NOTE
r-release-linux-x86_64 1.0.1 8.47 107.96 116.43 NOTE
r-release-macos-arm64 1.0.1 75.00 NOTE
r-release-macos-x86_64 1.0.1 100.00 NOTE
r-release-windows-x86_64 1.0.1 10.00 112.00 122.00 NOTE
r-oldrel-macos-arm64 1.0.1 54.00 NOTE
r-oldrel-macos-x86_64 1.0.1 81.00 NOTE
r-oldrel-windows-x86_64 1.0.1 14.00 142.00 156.00 NOTE

Check Details

Version: 1.0.1
Check: Rd files
Result: NOTE checkRd: (-1) render_context.Rd:42: Lost braces; missing escapes or markup? 42 | \item{xmin, ymin, xmax, ymax}{Boundaries of the area in pixels. {0,0} is the | ^ Flavors: r-devel-linux-x86_64-debian-clang, r-devel-linux-x86_64-debian-gcc, r-devel-linux-x86_64-fedora-clang, r-devel-linux-x86_64-fedora-gcc, r-devel-windows-x86_64, r-patched-linux-x86_64, r-release-linux-x86_64, r-release-macos-arm64, r-release-macos-x86_64, r-release-windows-x86_64, r-oldrel-macos-arm64, r-oldrel-macos-x86_64, r-oldrel-windows-x86_64

Version: 1.0.1
Check: Rd cross-references
Result: NOTE Found the following Rd file(s) with Rd \link{} targets missing package anchors: object_support.Rd: ggplot Please provide package anchors for all Rd \link{} targets not in the package itself and the base packages. Flavors: r-devel-linux-x86_64-debian-clang, r-devel-linux-x86_64-debian-gcc, r-devel-windows-x86_64, r-patched-linux-x86_64, r-release-linux-x86_64, r-release-windows-x86_64