CRAN Package Check Results for Package innsight

Last updated on 2025-07-05 22:50:27 CEST.

Flavor Version Tinstall Tcheck Ttotal Status Flags
r-devel-linux-x86_64-debian-clang 0.3.2 27.03 9.37 36.40 ERROR
r-devel-linux-x86_64-debian-gcc 0.3.2 18.09 7.37 25.46 ERROR
r-devel-linux-x86_64-fedora-clang 0.3.2 630.76 OK
r-devel-linux-x86_64-fedora-gcc 0.3.2 626.50 OK
r-devel-windows-x86_64 0.3.2 28.00 323.00 351.00 OK
r-patched-linux-x86_64 0.3.2 28.90 7.16 36.06 ERROR
r-release-linux-x86_64 0.3.2 24.94 7.13 32.07 ERROR
r-release-macos-arm64 0.3.2 227.00 OK
r-release-macos-x86_64 0.3.2 253.00 OK
r-release-windows-x86_64 0.3.2 27.00 322.00 349.00 OK
r-oldrel-macos-arm64 0.3.2 157.00 OK
r-oldrel-macos-x86_64 0.3.2 256.00 OK
r-oldrel-windows-x86_64 0.3.2 38.00 414.00 452.00 OK

Check Details

Version: 0.3.2
Check: whether the package can be loaded
Result: ERROR Loading this package had a fatal error status code 1 Loading log: Error: package or namespace load failed for ‘innsight’: .onLoad failed in loadNamespace() for 'torch', details: call: inst_path() error: torch cannot write into '/home/hornik/tmp/R.check/r-devel-clang/Work/build/Packages/torch/'. Execution halted Flavor: r-devel-linux-x86_64-debian-clang

Version: 0.3.2
Check: whether the package can be loaded
Result: ERROR Loading this package had a fatal error status code 1 Loading log: Error: package or namespace load failed for ‘innsight’: .onLoad failed in loadNamespace() for 'torch', details: call: inst_path() error: torch cannot write into '/home/hornik/tmp/R.check/r-devel-gcc/Work/build/Packages/torch/'. Execution halted Flavor: r-devel-linux-x86_64-debian-gcc

Version: 0.3.2
Check: whether the package can be loaded
Result: ERROR Loading this package had a fatal error status code 1 Loading log: Error: package or namespace load failed for ‘innsight’: .onLoad failed in loadNamespace() for 'torch', details: call: inst_path() error: torch cannot write into '/home/hornik/tmp/R.check/r-patched-gcc/Work/build/Packages/torch/'. Execution halted Flavor: r-patched-linux-x86_64

Version: 0.3.2
Check: whether the package can be loaded
Result: ERROR Loading this package had a fatal error status code 1 Loading log: Error: package or namespace load failed for ‘innsight’: .onLoad failed in loadNamespace() for 'torch', details: call: inst_path() error: torch cannot write into '/home/hornik/tmp/R.check/r-release-gcc/Work/build/Packages/torch/'. Execution halted Flavor: r-release-linux-x86_64