Last updated on 2025-07-05 21:49:28 CEST.
Flavor | Version | Tinstall | Tcheck | Ttotal | Status | Flags |
---|---|---|---|---|---|---|
r-devel-linux-x86_64-debian-clang | 1.0.1 | 25.39 | 143.43 | 168.82 | NOTE | |
r-devel-linux-x86_64-debian-gcc | 1.0.1 | 20.64 | 94.73 | 115.37 | NOTE | |
r-devel-linux-x86_64-fedora-clang | 1.0.1 | 275.65 | NOTE | |||
r-devel-linux-x86_64-fedora-gcc | 1.0.1 | 266.04 | NOTE | |||
r-devel-windows-x86_64 | 1.0.1 | 56.00 | 172.00 | 228.00 | NOTE | |
r-patched-linux-x86_64 | 1.0.1 | 26.84 | 135.16 | 162.00 | NOTE | |
r-release-linux-x86_64 | 1.0.1 | 25.70 | 133.75 | 159.45 | NOTE | |
r-release-macos-arm64 | 1.0.1 | 118.00 | NOTE | |||
r-release-macos-x86_64 | 1.0.1 | 269.00 | NOTE | |||
r-release-windows-x86_64 | 1.0.1 | 60.00 | 174.00 | 234.00 | NOTE | |
r-oldrel-macos-arm64 | 1.0.1 | 111.00 | NOTE | |||
r-oldrel-macos-x86_64 | 1.0.1 | 208.00 | NOTE | |||
r-oldrel-windows-x86_64 | 1.0.1 | 77.00 | 220.00 | 297.00 | NOTE |
Version: 1.0.1
Check: Rd files
Result: NOTE
checkRd: (-1) ln_quantile_value.Rd:44: Lost braces in \itemize; \value handles \item{}{} directly
checkRd: (-1) ln_quantile_value.Rd:45: Lost braces in \itemize; \value handles \item{}{} directly
checkRd: (-1) ln_quantile_value.Rd:46: Lost braces in \itemize; \value handles \item{}{} directly
checkRd: (-1) ln_quantile_value.Rd:47: Lost braces in \itemize; \value handles \item{}{} directly
checkRd: (-1) ln_quantile_value.Rd:48: Lost braces in \itemize; \value handles \item{}{} directly
checkRd: (-1) ln_quantile_value.Rd:49: Lost braces in \itemize; \value handles \item{}{} directly
Flavors: r-devel-linux-x86_64-debian-clang, r-devel-linux-x86_64-debian-gcc, r-devel-linux-x86_64-fedora-clang, r-devel-linux-x86_64-fedora-gcc, r-devel-windows-x86_64, r-patched-linux-x86_64, r-release-linux-x86_64, r-release-macos-arm64, r-release-macos-x86_64, r-release-windows-x86_64, r-oldrel-macos-arm64, r-oldrel-macos-x86_64, r-oldrel-windows-x86_64
Version: 1.0.1
Check: installed package size
Result: NOTE
installed size is 5.4Mb
sub-directories of 1Mb or more:
R 5.2Mb
Flavors: r-oldrel-macos-arm64, r-oldrel-macos-x86_64