CRAN Package Check Results for Package pempi

Last updated on 2025-07-05 21:49:32 CEST.

Flavor Version Tinstall Tcheck Ttotal Status Flags
r-devel-linux-x86_64-debian-clang 1.0.0 3.01 32.16 35.17 NOTE
r-devel-linux-x86_64-debian-gcc 1.0.0 1.92 25.53 27.45 NOTE
r-devel-linux-x86_64-fedora-clang 1.0.0 53.30 OK
r-devel-linux-x86_64-fedora-gcc 1.0.0 63.19 OK
r-devel-windows-x86_64 1.0.0 4.00 52.00 56.00 OK
r-patched-linux-x86_64 1.0.0 2.84 29.21 32.05 OK
r-release-linux-x86_64 1.0.0 2.82 29.14 31.96 OK
r-release-macos-arm64 1.0.0 28.00 OK
r-release-macos-x86_64 1.0.0 47.00 OK
r-release-windows-x86_64 1.0.0 5.00 53.00 58.00 OK
r-oldrel-macos-arm64 1.0.0 26.00 OK
r-oldrel-macos-x86_64 1.0.0 38.00 OK
r-oldrel-windows-x86_64 1.0.0 4.00 60.00 64.00 OK

Check Details

Version: 1.0.0
Check: CRAN incoming feasibility
Result: NOTE Maintainer: ‘Stéphane Guerrier <stef.guerrier@gmail.com>’ The Description field contains methods proposed in Guerrier et al. (2023) <arXiv:2012.10745>. Please refer to arXiv e-prints via their arXiv DOI <doi:10.48550/arXiv.YYMM.NNNNN>. Flavors: r-devel-linux-x86_64-debian-clang, r-devel-linux-x86_64-debian-gcc