Last updated on 2025-07-06 05:50:35 CEST.
Flavor | Version | Tinstall | Tcheck | Ttotal | Status | Flags |
---|---|---|---|---|---|---|
r-devel-linux-x86_64-debian-clang | 2.3.0 | 17.05 | 122.58 | 139.63 | NOTE | |
r-devel-linux-x86_64-debian-gcc | 2.3.0 | 13.57 | 90.85 | 104.42 | NOTE | |
r-devel-linux-x86_64-fedora-clang | 2.3.0 | 230.81 | OK | |||
r-devel-linux-x86_64-fedora-gcc | 2.3.0 | 205.96 | OK | |||
r-devel-windows-x86_64 | 2.3.0 | 20.00 | 132.00 | 152.00 | OK | |
r-patched-linux-x86_64 | 2.3.0 | 16.87 | 117.68 | 134.55 | OK | |
r-release-linux-x86_64 | 2.3.0 | 14.73 | 115.78 | 130.51 | OK | |
r-release-macos-arm64 | 2.3.0 | 58.00 | OK | |||
r-release-macos-x86_64 | 2.3.0 | 106.00 | OK | |||
r-release-windows-x86_64 | 2.3.0 | 20.00 | 136.00 | 156.00 | OK | |
r-oldrel-macos-arm64 | 2.3.0 | 61.00 | OK | |||
r-oldrel-macos-x86_64 | 2.3.0 | 82.00 | OK | |||
r-oldrel-windows-x86_64 | 2.3.0 | 26.00 | 174.00 | 200.00 | OK |
Version: 2.3.0
Check: CRAN incoming feasibility
Result: NOTE
Maintainer: ‘Barry Edwards <barry.edwards@ucf.edu>’
No Authors@R field in DESCRIPTION.
Please add one, modifying
Authors@R: c(person(given = "Barry",
family = "Edwards",
role = c("aut", "cre"),
email = "barry.edwards@ucf.edu"),
person(given = "Philip",
family = "Pollock",
role = "aut"))
as necessary.
Flavors: r-devel-linux-x86_64-debian-clang, r-devel-linux-x86_64-debian-gcc