CRAN Package Check Results for Package reglogit

Last updated on 2025-07-05 22:50:36 CEST.

Flavor Version Tinstall Tcheck Ttotal Status Flags
r-devel-linux-x86_64-debian-clang 1.2-7 7.87 60.24 68.11 NOTE
r-devel-linux-x86_64-debian-gcc 1.2-7 6.27 46.95 53.22 NOTE
r-devel-linux-x86_64-fedora-clang 1.2-7 99.61 OK
r-devel-linux-x86_64-fedora-gcc 1.2-7 95.61 OK
r-devel-windows-x86_64 1.2-7 13.00 72.00 85.00 NOTE
r-patched-linux-x86_64 1.2-7 8.03 57.85 65.88 NOTE
r-release-linux-x86_64 1.2-7 8.00 58.73 66.73 NOTE
r-release-macos-arm64 1.2-7 40.00 OK
r-release-macos-x86_64 1.2-7 61.00 OK
r-release-windows-x86_64 1.2-7 13.00 74.00 87.00 NOTE
r-oldrel-macos-arm64 1.2-7 35.00 OK
r-oldrel-macos-x86_64 1.2-7 61.00 OK
r-oldrel-windows-x86_64 1.2-7 17.00 86.00 103.00 OK

Check Details

Version: 1.2-7
Check: CRAN incoming feasibility
Result: NOTE Maintainer: ‘Robert B. Gramacy <rbg@vt.edu>’ No Authors@R field in DESCRIPTION. Please add one, modifying Authors@R: person(given = c("Robert", "B."), family = "Gramacy", role = c("aut", "cre"), email = "rbg@vt.edu") as necessary. Flavors: r-devel-linux-x86_64-debian-clang, r-devel-linux-x86_64-debian-gcc

Version: 1.2-7
Check: Rd cross-references
Result: NOTE Found the following Rd file(s) with Rd \link{} targets missing package anchors: reglogit.Rd: Matrix Please provide package anchors for all Rd \link{} targets not in the package itself and the base packages. Flavors: r-devel-linux-x86_64-debian-clang, r-devel-linux-x86_64-debian-gcc, r-devel-windows-x86_64, r-patched-linux-x86_64, r-release-linux-x86_64, r-release-windows-x86_64